{"id":64,"date":"2016-09-16T11:20:07","date_gmt":"2016-09-16T11:20:07","guid":{"rendered":"http:\/\/moebel.moebelkunde.de\/?page_id=64"},"modified":"2016-09-16T11:20:07","modified_gmt":"2016-09-16T11:20:07","slug":"spanplatten","status":"publish","type":"page","link":"http:\/\/moebel.moebelkunde.de\/?page_id=64","title":{"rendered":"Spanplatten"},"content":{"rendered":"<ul>\n<li>werden aus zerspantem Holz hergestellt (Ast-, Industrieholz und Holzabf\u00e4lle -ohne Bast und Rinde)<\/li>\n<li>Holzsp\u00e4ne wird auf 3 &#8211; 4 % Luftfeuchtigkeit getrocknet<\/li>\n<li>mit Kunstharzleim bespr\u00fcht<\/li>\n<li>unter Einwirkung von W\u00e4rme und Druck zu Platten gepre\u00dft<\/li>\n<li>preiswerter als Sperrholzplatten<\/li>\n<li>die Tischlerplatten wurden von den Spanplatten vom Markt verdr\u00e4ngt<\/li>\n<li>Kastenm\u00f6bel werden heute \u00fcberwiegend aus Spanplatten gefertigt<\/li>\n<li>man unterscheidet : <b>Flachpre\u00dfplatten und Stangenpre\u00dfplatten<\/b><\/li>\n<\/ul>\n<h2><a name=\"03c1989b9e07a3d0e\"><\/a>FLACHPRESSPLATTE<\/h2>\n<ul>\n<li>werden im allgemeinen Sprachgebrauch als &#8222;<b>Spanplatten<\/b>&#8220; bezeichnet<\/li>\n<li>je nach Anzahl der Spanschichten gibt es erhebliche Qualit\u00e4tsunterschiede<\/li>\n<li><b>man unterscheidet :<\/b><\/li>\n<\/ul>\n<h2><a name=\"03c1989b9e07abb0f\"><\/a>EINSCHICHTPLATTEN<\/h2>\n<p>bestehen aus einer gleichm\u00e4\u00dfigen Spanschicht und sind f\u00fcr feinere Furnierungen oder Folienbeschichtungen nicht verwendbar.<br \/>\nDie grobe Spanstruktur w\u00fcrde sich bei dem Aufpressen der Furniere oder Folien auf der Oberfl\u00e4che abzeichnen.<br \/>\nEinschichtplatten weisen au\u00dferdem nur eine geringe Festigkeit auf und sind daher lediglich f\u00fcr<b>untergeordnete Zwecke einsetzbar<\/b>.<\/p>\n<h2><a name=\"03c1989b9e07b6710\"><\/a>DREISCHICHTPLATTEN<\/h2>\n<p>F\u00fcr eine Dreischichtplatte<b> <\/b>streut man zuerst kurze und feine Sp\u00e4ne als <i>Deckschicht<\/i>, dann lange, grobe Sp\u00e4ne als <i>Mittelschicht<\/i> und darauf wieder die d\u00fcnne Sp\u00e4ne als <i>Deckschicht<\/i>.<br \/>\nDie grobere und losere Mittelschicht hat einen geringeren Leimgehalt als die feinen Sp\u00e4ne bei der Deckschicht.<br \/>\nDie Dreischichtplatte zeichnet sich durch eine <b>h\u00f6here Festigkeit und eine bessere Formbest\u00e4ndigkeit<\/b> als die Einschichtplatte aus.<\/p>\n<h2><a name=\"03c1989b9e07bda11\"><\/a>F\u00dcNFSCHICHTPLATTE<\/h2>\n<p>Die F\u00fcnfschichtplatte<b> <\/b>besitzt ebenfalls eine grobere Mittelschicht. Es folgen die Schichten aus mittelfeinen Sp\u00e4nen und abschlie\u00dfend die beiden \u00e4u\u00dferen, besonders feinen Deckschichten.<br \/>\n(Fein-Mittel-Grob-Mittel-Fein &#8211; Schichten)<br \/>\nDurch die Zwischenschichten weisen die F\u00fcnfschichtplatte auch bei Feuchtigkeits\u00e4nderungen eine <b>gute Formbest\u00e4ndigkeit<\/b> auf.<br \/>\nEine Qualit\u00e4tssteigerung wird sowohl in Bezug auf die <b>Biegefestigkeit<\/b> als auch hinsichtlich einer <b>glatteren und h\u00e4rteren Oberfl\u00e4che<\/b> erreicht.<br \/>\nDaher ist sie die qualitativ hochwertigste Spanplatte.<br \/>\nDiese Platten eignen sich daher <b>besonders f\u00fcr Furnierung, Beschichtung und Lackierung<\/b>. In den Deutschen Industrienormen (DIN) werden Flachpressplatten f\u00fcr allgemeine Zwecke unterteilt in:<\/p>\n<ul>\n<li>FPY-Platten : Flachpressplatten <b>ohne besondere Anforderungen<\/b> an die Sp\u00e4nestruktur der Oberfl\u00e4chen<\/li>\n<li>FPO-Platten: Flachpressplatten <b>mit feinspaniger Oberfl\u00e4che<\/b> f\u00fcr Direktlackierung, Folien- und Pressbeschichtung<\/li>\n<\/ul>\n<h2><a name=\"03c1989b9e07d2c13\"><\/a>TECHNISCHE EIGENSCHAFTEN DER SPANPLATTEN<\/h2>\n<p>Spanplatten lassen sich zwar gut nageln und schrauben, zeigen jedoch <i>nur eine geringe Widerstandsf\u00e4higkeit gegen erh\u00f6hte Belastungen<\/i>.<br \/>\nDies kann zum <b>Ausrei\u00dfen<\/b> der Verbindungsmittel f\u00fchren oder zum <b>Spalten<\/b> der Plattenkanten.<br \/>\nAus diesem Grunde m\u00fcssen bei h\u00f6heren <b>L\u00e4ngszugwiderst\u00e4nden <\/b>in die Platten Vollholzeinleimer eingearbeitet werden, die den Schrauben und N\u00e4geln den gew\u00fcnschten Halt bieten k\u00f6nnen.<\/p>\n<p><ins id=\"aswift_0_expand\"><ins id=\"aswift_0_anchor\"><iframe id=\"aswift_0\" name=\"aswift_0\" width=\"728\" height=\"90\" frameborder=\"0\" marginwidth=\"0\" marginheight=\"0\" scrolling=\"no\" allowfullscreen=\"allowfullscreen\" data-mce-fragment=\"1\"><\/iframe><\/ins><\/ins><\/p>\n<h2><a name=\"03c1989b9e07e2c14\"><\/a>VORTEILE DER SPANPLATTEN<\/h2>\n<ul>\n<li>gutes Stehverm\u00f6gen\/Formstabilit\u00e4t<\/li>\n<li>in allen St\u00e4rken lieferbar<\/li>\n<li>fast jedes Ma\u00df m\u00f6glich<\/li>\n<li>gute Biegefestigkeit<\/li>\n<li>gutes Preis-\/Leistungsverh\u00e4ltnis<\/li>\n<\/ul>\n<h2><a name=\"03c1989b9e07ee115\"><\/a>NACHTEILE DER SPANPLATTE<\/h2>\n<ul>\n<li>keine direkte Lackierung m\u00f6glich<\/li>\n<li>hohe Feuchtigkeitsaufnahme, wenn unbehandelt<\/li>\n<li>bei gro\u00dfen L\u00e4ngen besteht die Gefahr des Durchbiegens<\/li>\n<\/ul>\n<h2><a name=\"03c1989b9e07f8616\"><\/a>SPANPLATTEN UND FORMALDHYD<\/h2>\n<ul>\n<li>farblos, stechend riechend, reizt Augen und Schleimh\u00e4ute<\/li>\n<li>drei Emmissionsklassen E1 &#8211; E3 in denen festgelegt ist, wieviel Formaldehyd die Spanplatte an die Raumluft abgeben darf<\/li>\n<li>seit 1986 d\u00fcrfen nur noch E1 Spanplatten verarbeitet werden<\/li>\n<li>E1 = 0,1 ppm (parts per Million)<\/li>\n<li>\u00fcbrigens das Rauchen von 2 Zigaretten entspricht ca. dem Wert den eine Spanplatte an Formaldehyd abgibt<\/li>\n<li>Blauer Engel &#8211; Umweltkennzeichen der M\u00f6belindustrie wenn weniger als 0,05 ppm beim kompletten M\u00f6belst\u00fcck<\/li>\n<\/ul>\n<h2><a name=\"03c1989b9e082b017\"><\/a>STRANGPRESSPLATTE<\/h2>\n<p>Zum Abschlu\u00df des Thema Spanplatte m\u00f6chte ich diesen Plattentyp nur der Vollst\u00e4ndigkeit halber erw\u00e4hnen.<br \/>\nHerstellungsverfahren : Stellen Sie sich eine Platte vor, die innen hohl und hochkant steht. Von oben werden nun die Sp\u00e4ne hineingesch\u00fcttet und festgestampft.<br \/>\nSie werden im M\u00f6belbau nicht eingesetzt sondern \u00fcberwiegend im Innenausbau z.B. T\u00fcren und Wandelemente<\/p>\n","protected":false},"excerpt":{"rendered":"<p>werden aus zerspantem Holz hergestellt (Ast-, Industrieholz und Holzabf\u00e4lle -ohne Bast und Rinde) Holzsp\u00e4ne wird auf 3 &#8211; 4 % Luftfeuchtigkeit getrocknet mit Kunstharzleim bespr\u00fcht unter Einwirkung von W\u00e4rme und Druck zu Platten gepre\u00dft preiswerter als Sperrholzplatten die Tischlerplatten wurden von den Spanplatten vom Markt verdr\u00e4ngt Kastenm\u00f6bel werden heute \u00fcberwiegend aus Spanplatten gefertigt man unterscheidet &hellip; <a href=\"http:\/\/moebel.moebelkunde.de\/?page_id=64\" class=\"more-link\"><span class=\"screen-reader-text\">Spanplatten<\/span> weiterlesen <span class=\"meta-nav\">&rarr;<\/span><\/a><\/p>\n","protected":false},"author":1,"featured_media":10,"parent":31,"menu_order":0,"comment_status":"closed","ping_status":"closed","template":"","meta":[],"_links":{"self":[{"href":"http:\/\/moebel.moebelkunde.de\/index.php?rest_route=\/wp\/v2\/pages\/64"}],"collection":[{"href":"http:\/\/moebel.moebelkunde.de\/index.php?rest_route=\/wp\/v2\/pages"}],"about":[{"href":"http:\/\/moebel.moebelkunde.de\/index.php?rest_route=\/wp\/v2\/types\/page"}],"author":[{"embeddable":true,"href":"http:\/\/moebel.moebelkunde.de\/index.php?rest_route=\/wp\/v2\/users\/1"}],"replies":[{"embeddable":true,"href":"http:\/\/moebel.moebelkunde.de\/index.php?rest_route=%2Fwp%2Fv2%2Fcomments&post=64"}],"version-history":[{"count":1,"href":"http:\/\/moebel.moebelkunde.de\/index.php?rest_route=\/wp\/v2\/pages\/64\/revisions"}],"predecessor-version":[{"id":65,"href":"http:\/\/moebel.moebelkunde.de\/index.php?rest_route=\/wp\/v2\/pages\/64\/revisions\/65"}],"up":[{"embeddable":true,"href":"http:\/\/moebel.moebelkunde.de\/index.php?rest_route=\/wp\/v2\/pages\/31"}],"wp:featuredmedia":[{"embeddable":true,"href":"http:\/\/moebel.moebelkunde.de\/index.php?rest_route=\/wp\/v2\/media\/10"}],"wp:attachment":[{"href":"http:\/\/moebel.moebelkunde.de\/index.php?rest_route=%2Fwp%2Fv2%2Fmedia&parent=64"}],"curies":[{"name":"wp","href":"https:\/\/api.w.org\/{rel}","templated":true}]}}