{"id":52,"date":"2016-09-16T10:57:00","date_gmt":"2016-09-16T10:57:00","guid":{"rendered":"http:\/\/moebel.moebelkunde.de\/?page_id=52"},"modified":"2016-09-16T10:57:00","modified_gmt":"2016-09-16T10:57:00","slug":"holztrocknung","status":"publish","type":"page","link":"http:\/\/moebel.moebelkunde.de\/?page_id=52","title":{"rendered":"Holztrocknung"},"content":{"rendered":"<ul>\n<li>Eigenschaften des Holzes h\u00e4ngen eng mit dem Trocknungsprozess zusammen<\/li>\n<li>Trocknen hei\u00dft : Der Wassergehalt des Holzes wird allm\u00e4hlich von der Luft aufgenommen (Luft muss aber in der Lage sein die Feuchtigkeit aufzunehmen)<\/li>\n<li>Die Eigenschaft Feuchtigkeit aufzunehmen hei\u00dft Hygroskopie<\/li>\n<li>Bei 100 % Luftfeuchtigkeit kann die Luft keine Feuchte mehr aufnehmen, es findet also keine Trocknung mehr statt, das Holz w\u00fcrde feuchter werden<\/li>\n<li>Holz passt sich also an seine Umgebung an<\/li>\n<li>In feuchter Umgebung wird trockenes Holz Feuchtigkeit aufnehmen und quellen<\/li>\n<li>In trockener Umgebung wird Feuchtigkeit entzogen \u2013 Holz schwindet<\/li>\n<li>Holz und Luft sind also beide hygrokopisch<\/li>\n<li>Frisch gef\u00e4lltes Holz hat je nach Art des Holzes einen Wassergehalt von mehr als 50 %<\/li>\n<li>(leichtes Holz z.B. Pappel hat mehr Wasser, Eiche weniger)<\/li>\n<li>Aufgabe der Holztrocknung ist, das Holz in einen Zustand zu bringen, der m\u00f6glichst genau dem Klima entspricht, in dem das fertige Erzeugnis eingesetzt wird<\/li>\n<li>Dies ist die Voraussetzung dass das M\u00f6belst\u00fcck sich in seinen Ma\u00dfen nicht ver\u00e4ndert<\/li>\n<li><b>Holz darf erst bei etwa 10 % Holzfeuchte zur M\u00f6belverarbeitung verwendet werden<\/b><\/li>\n<li>In der Praxis wird das Holz vom S\u00e4gewerk mit einer Feuchte von 18-20 % geliefert<\/li>\n<li>In Trockenkammern und speziellen Verfahrenstechniken wird es auf 10 % gebracht<\/li>\n<\/ul>\n<p><img loading=\"lazy\" src=\"http:\/\/www.moebelkunde.de\/images\/feuchte_480.jpg\" alt=\"\" width=\"480\" height=\"174\" border=\"0\" \/><\/p>\n","protected":false},"excerpt":{"rendered":"<p>Eigenschaften des Holzes h\u00e4ngen eng mit dem Trocknungsprozess zusammen Trocknen hei\u00dft : Der Wassergehalt des Holzes wird allm\u00e4hlich von der Luft aufgenommen (Luft muss aber in der Lage sein die Feuchtigkeit aufzunehmen) Die Eigenschaft Feuchtigkeit aufzunehmen hei\u00dft Hygroskopie Bei 100 % Luftfeuchtigkeit kann die Luft keine Feuchte mehr aufnehmen, es findet also keine Trocknung mehr &hellip; <a href=\"http:\/\/moebel.moebelkunde.de\/?page_id=52\" class=\"more-link\"><span class=\"screen-reader-text\">Holztrocknung<\/span> weiterlesen <span class=\"meta-nav\">&rarr;<\/span><\/a><\/p>\n","protected":false},"author":1,"featured_media":0,"parent":31,"menu_order":0,"comment_status":"closed","ping_status":"closed","template":"","meta":[],"_links":{"self":[{"href":"http:\/\/moebel.moebelkunde.de\/index.php?rest_route=\/wp\/v2\/pages\/52"}],"collection":[{"href":"http:\/\/moebel.moebelkunde.de\/index.php?rest_route=\/wp\/v2\/pages"}],"about":[{"href":"http:\/\/moebel.moebelkunde.de\/index.php?rest_route=\/wp\/v2\/types\/page"}],"author":[{"embeddable":true,"href":"http:\/\/moebel.moebelkunde.de\/index.php?rest_route=\/wp\/v2\/users\/1"}],"replies":[{"embeddable":true,"href":"http:\/\/moebel.moebelkunde.de\/index.php?rest_route=%2Fwp%2Fv2%2Fcomments&post=52"}],"version-history":[{"count":1,"href":"http:\/\/moebel.moebelkunde.de\/index.php?rest_route=\/wp\/v2\/pages\/52\/revisions"}],"predecessor-version":[{"id":53,"href":"http:\/\/moebel.moebelkunde.de\/index.php?rest_route=\/wp\/v2\/pages\/52\/revisions\/53"}],"up":[{"embeddable":true,"href":"http:\/\/moebel.moebelkunde.de\/index.php?rest_route=\/wp\/v2\/pages\/31"}],"wp:attachment":[{"href":"http:\/\/moebel.moebelkunde.de\/index.php?rest_route=%2Fwp%2Fv2%2Fmedia&parent=52"}],"curies":[{"name":"wp","href":"https:\/\/api.w.org\/{rel}","templated":true}]}}