{"id":25,"date":"2016-09-14T16:40:20","date_gmt":"2016-09-14T16:40:20","guid":{"rendered":"http:\/\/moebel.moebelkunde.de\/?page_id=25"},"modified":"2016-09-17T13:49:54","modified_gmt":"2016-09-17T13:49:54","slug":"warenkunde","status":"publish","type":"page","link":"http:\/\/moebel.moebelkunde.de\/?page_id=25","title":{"rendered":"Warenkunde"},"content":{"rendered":"<p>Hier finden Sie Informationen zur Herstellung von M\u00f6beln und die damit verbundenen Qualit\u00e4tsunterschiede.<\/p>\n<p style=\"text-align: center;\"><a href=\"http:\/\/moebel.moebelkunde.de\/?page_id=31\">Holzkunde<\/a><\/p>\n<p style=\"text-align: center;\"><a href=\"http:\/\/moebel.moebelkunde.de\/?page_id=87\">Polsterm\u00f6bel<\/a><\/p>\n<p><a href=\"http:\/\/partners.webmasterplan.com\/click.asp?ref=252927&amp;site=2679&amp;type=b18&amp;bnb=18\"><img loading=\"lazy\" class=\"alignnone size-full wp-image-85\" src=\"http:\/\/moebel.moebelkunde.de\/wp-content\/uploads\/2016\/09\/d-banner-fj14-250x250px-katalog.gif\" alt=\"d-banner-fj14-250x250px-katalog\" width=\"250\" height=\"250\" \/><\/a><\/p>\n<p>&nbsp;<\/p>\n","protected":false},"excerpt":{"rendered":"<p>Hier finden Sie Informationen zur Herstellung von M\u00f6beln und die damit verbundenen Qualit\u00e4tsunterschiede. Holzkunde Polsterm\u00f6bel &nbsp;<\/p>\n","protected":false},"author":1,"featured_media":0,"parent":0,"menu_order":0,"comment_status":"closed","ping_status":"closed","template":"","meta":[],"_links":{"self":[{"href":"http:\/\/moebel.moebelkunde.de\/index.php?rest_route=\/wp\/v2\/pages\/25"}],"collection":[{"href":"http:\/\/moebel.moebelkunde.de\/index.php?rest_route=\/wp\/v2\/pages"}],"about":[{"href":"http:\/\/moebel.moebelkunde.de\/index.php?rest_route=\/wp\/v2\/types\/page"}],"author":[{"embeddable":true,"href":"http:\/\/moebel.moebelkunde.de\/index.php?rest_route=\/wp\/v2\/users\/1"}],"replies":[{"embeddable":true,"href":"http:\/\/moebel.moebelkunde.de\/index.php?rest_route=%2Fwp%2Fv2%2Fcomments&post=25"}],"version-history":[{"count":8,"href":"http:\/\/moebel.moebelkunde.de\/index.php?rest_route=\/wp\/v2\/pages\/25\/revisions"}],"predecessor-version":[{"id":112,"href":"http:\/\/moebel.moebelkunde.de\/index.php?rest_route=\/wp\/v2\/pages\/25\/revisions\/112"}],"wp:attachment":[{"href":"http:\/\/moebel.moebelkunde.de\/index.php?rest_route=%2Fwp%2Fv2%2Fmedia&parent=25"}],"curies":[{"name":"wp","href":"https:\/\/api.w.org\/{rel}","templated":true}]}}