{"id":143,"date":"2016-09-19T16:49:51","date_gmt":"2016-09-19T16:49:51","guid":{"rendered":"http:\/\/moebel.moebelkunde.de\/?page_id=143"},"modified":"2016-09-19T16:49:51","modified_gmt":"2016-09-19T16:49:51","slug":"schaumstoffe","status":"publish","type":"page","link":"http:\/\/moebel.moebelkunde.de\/?page_id=143","title":{"rendered":"Schaumstoffe"},"content":{"rendered":"<h2>WAS IST SCHAUMSTOFF?<\/h2>\n<div class=\"sidepicture\"><a href=\"http:\/\/www.xn--mbelkunde-07a.de\/images\/img2718.jpg\" target=\"_blank\"><img loading=\"lazy\" src=\"http:\/\/www.xn--mbelkunde-07a.de\/images\/img2718_160.jpg\" alt=\"\" width=\"160\" height=\"106\" border=\"0\" \/><\/a><\/p>\n<h3><\/h3>\n<\/div>\n<p>Unter Schaumstoffen versteht man Materialien, deren bl\u00e4schenf\u00f6rmige Struktur mit Hilfe eines k\u00fcnstlichen Herstellungsprozess erreicht wird. Dabei wird die Substanz, aus der das Bettger\u00fcst besteht, in fl\u00fcssigem oder plastischen Zustand aufgesch\u00e4umt. Nach dem Aufsch\u00e4umen verfestigt sich bzw. erstarrt das Material zu dem Endprodukt Schaumstoff. SCHAUMSTOFF IST EINE MISCHUNG AUS VERSCHIEDENEN CHEMISCHEN MATERIALIEN.<\/p>\n<p><b>Formschaum:<\/b><br \/>\nEntsteht durch Einf\u00fcllen eines fl\u00fcssigen Schaumstoffes in eine Form.<\/p>\n<p><b>Blockschaum:<\/b><br \/>\nSchaumstoff, der \u00fcber eine Anlage produziert wird, auf ein Band l\u00e4uft, in 2. Min. aush\u00e4rtet und dann in Bl\u00f6cke geschnitten wird.<\/p>\n<div class=\"clearer\"><\/div>\n<div class=\"sidepicture\"><a href=\"http:\/\/www.xn--mbelkunde-07a.de\/images\/sensipur.jpg\" target=\"_blank\"><img loading=\"lazy\" src=\"http:\/\/www.xn--mbelkunde-07a.de\/images\/sensipur_160.jpg\" alt=\"\" width=\"160\" height=\"100\" border=\"0\" \/><\/a><\/p>\n<h3><\/h3>\n<\/div>\n<p><b>Kaltschaum (auch Bultex)<br \/>\n<\/b><br \/>\nDer Kaltschaum ist unter den Schaumstoffen das beste und wertvollste Material. Er ist mit dem nat\u00fcrlichen Latexschaum zu vergleichen und wird meist im Blockschaumverfahren eingesetzt. Es handelt sich um einen Polyetherschaumstoff, der im Gegensatz zum Standardschaumstoff als sogenannter HR-Schaumstoff (HR= High Resilent = hochelastisch) bei ver\u00e4nderter Rezeptur eine Reihe von Vorteilen aufweist: Unregelm\u00e4\u00dfige, grobe Porenstruktur, offenzellig, daher hohe Luftdurchl\u00e4ssigkeit bzw. atmungsaktiv und damit Grundvoraussetzung f\u00fcr ein angenehmes Sitz- und Schlafklima, hohe Elastizit\u00e4t; bei geschmeidigem Griff wird ein hochelastischer Polsterkomfort erreicht.<br \/>\n<b><br \/>\nDie Herstellung kann nach folgenden Methoden erfolgen:<\/b><\/p>\n<p><b>Blockschaum<\/b><br \/>\nBez. f\u00fcr die aus Schaumstoffen (z.B. PUR-Schaumstoff) gefertigten endlosen Schaumbl\u00f6cke, die meist im Kaltschaumverfahren gesch\u00e4umt und auf Schneideanlagen zugeschnitten werden. Sie haben mit Abstand den gr\u00f6\u00dften Marktanteil im Matratzenbereich.<\/p>\n<p><b>Formschaum<\/b><br \/>\nMeist auf der Basis vom PUR-Schaum angewandtes Verfahren zur Herstellung fertiger Schaumteile. Dieses kostenintensive Verfahren kann nur angewendet werden, wenn gro\u00dfe Partieeinheiten verlangt werden. In solchen F\u00e4llen lassen sich vor dem Einsch\u00e4umen auch gew\u00fcnschte Polsterteile eingie\u00dfen: So k\u00f6nne z.B. bei der Matratzenherstellung Stahlfedern eingelegt werden, die beim Sch\u00e4umvorgang v\u00f6llig umschlossen werden. Eine weitere Variante stellen Matratzen mit speziell eingearbeitete Entl\u00fcftungskavernen, die einen guten W\u00e4rme- und Feuchtigkeitsaustausch sichern.<\/p>\n<p><b>Latex<\/b><br \/>\nAus dem Milchsaft der kautschukliefernden Pflanzen gewonnener Rohstoff, woraus durch Gerinnen der feste Rohkautschuk entsteht, der unter Zusatz von Schwefel Alterungsschutzmitteln, Seifenl\u00f6sung und F\u00fcllstoffen in Stahlformen zu Schaumgummi aufgesch\u00e4umt und vulkanisiert wird. K\u00fcnstlicher (synthetischer) Kautschuk wird in verschiedenen Verfahren hergestellt; heute vorwiegend aus der Grundsubstanz Butadien. Im Gegensatz zu Naturlatex gibt es hier keine Qualit\u00e4tsschwankungen.<\/p>\n<p>Latex-Schaumgummi ist hochelastisch und formbest\u00e4ndig, wodurch er immer wieder das urspr\u00fcngliche Volumen annimmt. Er ist weich, hygienisch und staubfrei. Durch die Lichtempfindlichkeit muss dieses Material allerdings vor UV-Strahlen gesch\u00fctzt werden, da es sonst schnell altert. Deshalb m\u00fcssen Matratzen aus Latex-Schaumgummi gut mit Watte oder Nessel abgedeckt werden. Im Gegensatz zu Schaumstoff, das nach Raumgewicht beurteilt wird, wird Schaumgummi nach H\u00e4rtegraden von weich bis sehr hart (HG 1 bis 3) bewertet.<\/p>\n<div class=\"clearer\"><\/div>\n<p><b>Viscoelastischer Sensipur<\/p>\n<p><\/b>Die <b>Viskosit\u00e4t<\/b> ist ein Ma\u00df f\u00fcr die <i>Z\u00e4hfl\u00fcssigkeit<br \/>\n<\/i><b>Elastizit\u00e4t<\/b> ist Formver\u00e4nderung unter Einfl\u00fcssen mit Widerherstellung des Ursprungs nach Wegfall der Einfl\u00fcsse (Druck, Temperatur)<br \/>\nDiese Anpassung erfolgt dadurch, dass die K\u00f6rperw\u00e4rme ein Einsinken in die Matratze bewirkt, die sich dann nach der Ver\u00e4nderung der Liegeposition nur verz\u00f6gert in die urspr\u00fcngliche Form zur\u00fcck stellt<\/p>\n<p><b>Vorteile<\/p>\n<p><\/b>Sehr gute Anpassungsf\u00e4higkeit an K\u00f6rperkonturen und Lattenroste<br \/>\nDruckempfindliche K\u00f6rperstellen werden mehr entlastet als bei anderen Matratzen<br \/>\nAbsolute Ger\u00e4uschfreiheitHervorragende Punktelastizit\u00e4t<br \/>\nBei entsprechender Pflege geringe Anf\u00e4lligkeit f\u00fcr Milbenbefall<\/p>\n<p><b>Nachteile<\/p>\n<p><\/b>Relativ hochpreisig<br \/>\nVerz\u00f6gerte R\u00fcckstellung in die UrsprungsformEindruck von Widerstand gegen Ver\u00e4nderungen der Schlafposition, kann die nat\u00fcrliche H\u00e4ufigkeit von Positionsver\u00e4nderungen im Schlaf verringern<br \/>\nW\u00e4rmestau in den entstehenden Kuhlen, sofern der Schaum nicht atmungsaktiv ist.<br \/>\nF\u00fcr gerne kalt schlafende Personen und ungeheizte Schlafzimmer nicht geeignet.<br \/>\nDies gilt jedoch nicht, wenn der Schaum klimaausgleichend und atmungsaktiv ist, da er sich dann an der eigenen K\u00f6rperw\u00e4rme orientiert.<\/p>\n","protected":false},"excerpt":{"rendered":"<p>WAS IST SCHAUMSTOFF? Unter Schaumstoffen versteht man Materialien, deren bl\u00e4schenf\u00f6rmige Struktur mit Hilfe eines k\u00fcnstlichen Herstellungsprozess erreicht wird. Dabei wird die Substanz, aus der das Bettger\u00fcst besteht, in fl\u00fcssigem oder plastischen Zustand aufgesch\u00e4umt. Nach dem Aufsch\u00e4umen verfestigt sich bzw. erstarrt das Material zu dem Endprodukt Schaumstoff. SCHAUMSTOFF IST EINE MISCHUNG AUS VERSCHIEDENEN CHEMISCHEN MATERIALIEN. Formschaum: &hellip; <a href=\"http:\/\/moebel.moebelkunde.de\/?page_id=143\" class=\"more-link\"><span class=\"screen-reader-text\">Schaumstoffe<\/span> weiterlesen <span class=\"meta-nav\">&rarr;<\/span><\/a><\/p>\n","protected":false},"author":1,"featured_media":0,"parent":122,"menu_order":0,"comment_status":"closed","ping_status":"closed","template":"","meta":[],"_links":{"self":[{"href":"http:\/\/moebel.moebelkunde.de\/index.php?rest_route=\/wp\/v2\/pages\/143"}],"collection":[{"href":"http:\/\/moebel.moebelkunde.de\/index.php?rest_route=\/wp\/v2\/pages"}],"about":[{"href":"http:\/\/moebel.moebelkunde.de\/index.php?rest_route=\/wp\/v2\/types\/page"}],"author":[{"embeddable":true,"href":"http:\/\/moebel.moebelkunde.de\/index.php?rest_route=\/wp\/v2\/users\/1"}],"replies":[{"embeddable":true,"href":"http:\/\/moebel.moebelkunde.de\/index.php?rest_route=%2Fwp%2Fv2%2Fcomments&post=143"}],"version-history":[{"count":1,"href":"http:\/\/moebel.moebelkunde.de\/index.php?rest_route=\/wp\/v2\/pages\/143\/revisions"}],"predecessor-version":[{"id":144,"href":"http:\/\/moebel.moebelkunde.de\/index.php?rest_route=\/wp\/v2\/pages\/143\/revisions\/144"}],"up":[{"embeddable":true,"href":"http:\/\/moebel.moebelkunde.de\/index.php?rest_route=\/wp\/v2\/pages\/122"}],"wp:attachment":[{"href":"http:\/\/moebel.moebelkunde.de\/index.php?rest_route=%2Fwp%2Fv2%2Fmedia&parent=143"}],"curies":[{"name":"wp","href":"https:\/\/api.w.org\/{rel}","templated":true}]}}